{"id":2315,"date":"2016-05-03T14:31:26","date_gmt":"2016-05-03T13:31:26","guid":{"rendered":"http:\/\/yogaplume.fr\/?page_id=2315"},"modified":"2022-10-13T14:20:34","modified_gmt":"2022-10-13T13:20:34","slug":"artiste-auteur","status":"publish","type":"page","link":"https:\/\/yogaplume.fr\/index.php\/artiste-auteur\/","title":{"rendered":"ARTISTE AUTEURE"},"content":{"rendered":"<!--[fluid]--><!--{content}-->    <!--[section]-->\n\t\t<style>\n.bd-section-726285143{background-color:#f7f7f7;margin-bottom:0px;padding:3em 1em;}\n.bd-section-726285143{\n\tline-height:  27.2px;\n\tcolor:  #000000;\n\tfont-size:  16px;\n\tletter-spacing:  1px;\n\ttext-align:  center;\n}\n.bd-section-726285143 h1{\n\tline-height:  69px;\n\tfont-size:  60px;\n\ttext-transform:  none;\n}\n\n@media (max-width: 1199px) {.bd-section-726285143 h1{\n\tline-height:  57.6px;\n\tfont-size:  48px;\n}\n}\n@media (max-width: 991px) {.bd-section-726285143 h1{\n\tline-height:  68.57142859px;\n\tfont-size:  48px;\n}\n}\n@media (max-width: 767px) {.bd-section-726285143{\n\tline-height:  20.00000001px;\n\tfont-size:  14px;\n}\n.bd-section-726285143 h1{\n\tline-height:  43.2px;\n\tfont-size:  36px;\n}\n}<\/style>\t\t<section id=section3 class=\" bd-section-726285143 bd-page-width  bd-tagstyles\" data-section-title=\"Text Centered With Background Image\">\n\t\t\t<div class=\"bd-container-inner bd-margins clearfix\">\n\t\t\t\t<!--{content}-->\n\t\t\t\t\t<!--[fluid_1]--><!--{content}--><!--[layoutbox]--><style>\n.additional-class-567671177{width:50%;margin-left:auto;margin-right:auto;}\n@media (max-width: 1199px) {.additional-class-567671177{width:90%;}}<\/style><div class=\"clearfix  additional-class-567671177 bd-page-width  bd-no-margins bd-no-margins\"><div class=\"bd-container-inner\"><!--{content}-->    <!--[text]-->\n        <style>\n.additional-class-2059391780{margin-top:0px;}<\/style>        <h3 class=\" additional-class-2059391780  bd-content-element\">\n            <!--{content}-->\n                \u00abEcriture, Peinture, modelage, collages&nbsp;\u00bb            \n        <br><br>            <!--{\/content}-->\n        <\/h3>\n    <!--[\/text]-->\n\n\t\n\t\t\n    <!--[spacer]-->\n    <style>\n.bd-spacer-921202170{height:20px;position:absolute;top:12.033%;left:3.014%;right:auto;bottom:auto;display:block;}<\/style>    <div class=\" bd-spacer-921202170  clearfix\">\n        <!--{content}--><!--{\/content}-->\n    <\/div>\n    <!--[\/spacer]-->\n\n    \n\t\n\t\t<!--[icon]--><style>\n.additional-class-1977948848{display:block;position:absolute;top:8.231%;left:66.667%;right:auto;bottom:auto;}<\/style><style>.additional-class-1977948848 span {\n                    text-decoration: inherit;\n\t                display: inline-block;\n\t                speak: none;\n\t            }\n\n                .additional-class-1977948848 span:before {\n                    font-family: 'Billion Web Font';\n\t                font-style: normal;\n\t                font-weight: normal;\n\t                text-decoration: inherit;\n\t                text-align: center;\n\t                text-transform: none;\n\t                width: 1em;\n                }.additional-class-1977948848 span:before { content: '\\281'; }.additional-class-1977948848 span:before {width: auto; visibility: inherit;}.additional-class-1977948848 span:before{display: inline-block;}<\/style><style>\n.additional-class-1977948848 span:before{font-size:18px;color:#ffffff;background-color:#33add6;padding:10px;border-radius:39px;line-height:25.71428572px;}<\/style><style>.additional-class-1977948848 span:before{line-height: 18px;}<\/style><style>.additional-class-1977948848 span:before {\n        vertical-align: middle;\n        text-decoration: none;\n    }<\/style><style>.additional-class-1977948848 span:hover {\n                    text-decoration: inherit;\n\t                display: inline-block;\n\t                speak: none;\n\t            }\n\n                .additional-class-1977948848 span:hover:before {\n                    font-family: 'Billion Web Font';\n\t                font-style: normal;\n\t                font-weight: normal;\n\t                text-decoration: inherit;\n\t                text-align: center;\n\t                text-transform: none;\n\t                width: 1em;\n                }.additional-class-1977948848 span:hover:before {width: auto; visibility: inherit;}.additional-class-1977948848 span:hover:before{display: inline-block;}<\/style><style>\n.additional-class-1977948848 span:hover:before{color:#33add6;background-color:#ffffff;-webkit-transition:all 400ms ease-in-out;transition:all 400ms ease-in-out;}<\/style><style>.additional-class-1977948848 span:hover:before {\n        vertical-align: middle;\n        text-decoration: none;\n    }<\/style><a href=\"https:\/\/www.facebook.com\/profile.php?id=100064125039189\" class=\"bd-iconlink  additional-class-1977948848  bd-own-margins\"><span class=\"bd-icon\"><!--{content}--><!--{\/content}--><\/span><\/a><!--[\/icon]-->\n\t\n\t\t<!--[icon]--><style>\n.additional-class-1626580234{display:block;position:absolute;top:8.231%;left:77.305%;right:auto;bottom:auto;}<\/style><style>.additional-class-1626580234 span {\n                    text-decoration: inherit;\n\t                display: inline-block;\n\t                speak: none;\n\t            }\n\n                .additional-class-1626580234 span:before {\n                    font-family: 'Billion Web Font';\n\t                font-style: normal;\n\t                font-weight: normal;\n\t                text-decoration: inherit;\n\t                text-align: center;\n\t                text-transform: none;\n\t                width: 1em;\n                }.additional-class-1626580234 span:before { content: '\\212'; }.additional-class-1626580234 span:before {width: auto; visibility: inherit;}.additional-class-1626580234 span:before{display: inline-block;}<\/style><style>\n.additional-class-1626580234 span:before{font-size:18px;color:#ffffff;background-color:#33add6;padding:10px;border-radius:39px;line-height:25.71428572px;}<\/style><style>.additional-class-1626580234 span:before{line-height: 18px;}<\/style><style>.additional-class-1626580234 span:before {\n        vertical-align: middle;\n        text-decoration: none;\n    }<\/style><style>.additional-class-1626580234 span:hover {\n                    text-decoration: inherit;\n\t                display: inline-block;\n\t                speak: none;\n\t            }\n\n                .additional-class-1626580234 span:hover:before {\n                    font-family: 'Billion Web Font';\n\t                font-style: normal;\n\t                font-weight: normal;\n\t                text-decoration: inherit;\n\t                text-align: center;\n\t                text-transform: none;\n\t                width: 1em;\n                }.additional-class-1626580234 span:hover:before {width: auto; visibility: inherit;}.additional-class-1626580234 span:hover:before{display: inline-block;}<\/style><style>\n.additional-class-1626580234 span:hover:before{color:#33add6;background-color:#ffffff;-webkit-transition:all 400ms ease-in-out;transition:all 400ms ease-in-out;}<\/style><style>.additional-class-1626580234 span:hover:before {\n        vertical-align: middle;\n        text-decoration: none;\n    }<\/style><a href=\"https:\/\/www.instagram.com\/sylvianepatron\/?hl=fr\" class=\"bd-iconlink  additional-class-1626580234  bd-own-margins\"><span class=\"bd-icon\"><!--{content}--><!--{\/content}--><\/span><\/a><!--[\/icon]-->\n\t\n\t\t\n    <!--[separator]-->\n    <style>\n.bd-separator-28777825{position:absolute;top:17.516%;left:3.901%;right:auto;bottom:auto;display:block;padding:10px 0px;}<\/style>        <style>\n.bd-separator-28777825 .bd-separator-inner:before, .bd-separator-28777825 .bd-separator-inner:after{border-top:3px solid #27a2d2;}<\/style>    <style>\n.bd-separator-28777825 .bd-separator-inner{width:5%;}<\/style>\n    <div class=\" bd-separator-28777825  bd-separator-center bd-separator-content-center clearfix\">\n        <div class=\"bd-container-inner\">\n            <div class=\"bd-separator-inner\">\n                                <!--{content}--><!--{\/content}-->\n            <\/div>\n        <\/div>\n    <\/div>\n    <!--[\/separator]-->\n\n    \n\t\n\t\t    <!--[text]-->\n        <style>\n.additional-class-1839878692{height:432px;}<\/style>        <p class=\" additional-class-1839878692  bd-content-element\">\n            <!--{content}-->\n                &nbsp;<br>\n<br>\u00ab&nbsp;On ne voit bien qu\u2019avec le c\u0153ur, l\u2019essentiel est invisible pour les yeux&nbsp;\u00bb&nbsp;<br>St Exup\u00e9ry\n<br>J\u2019ose faire mienne cette citation de Saint Exup\u00e9ry pour d\u00e9crire mon cheminement d\u2019artiste auteur. Un \u00e9ternel plongeons au c\u0153ur de soi pour toucher l\u2019intime et ressortir l\u2019ultime\u2026\n<br>T\u00e9moigner, Transmettre, Partager, Cr\u00e9er, Inventer, Jouer avec les mots et les couleurs, les sons et les odeurs&nbsp;! Les cinq sens en \u00e9mois pour admirer, d\u00e9couvrir, remercier les merveilles de la vie mais aussi d\u00e9noncer, crier, pleurer face \u00e0 l\u2019horreur et l\u2019injustice. \n<br><br><br>\n<br>            <!--{\/content}-->\n        <\/p>\n    <!--[\/text]-->\n<!--{\/content}--><\/div><\/div><!--[\/layoutbox]--><!--{\/content}--><!--[\/fluid_1]-->\t\t\t\t<!--{\/content}-->\n\t\t\t<\/div>\n\t\t<\/section>\n\t<!--[\/section]-->\n<!--{\/content}--><!--[\/fluid]-->\n<!--[fluid]--><!--{content}-->    <!--[section]-->\n\t\t<style>\n.bd-section-507855819{background-color:#f4dbb8;margin-bottom:12px;margin-top:0px;}\n.bd-section-507855819{\n\tline-height:  28.57142858px;\n\tfont-size:  20px;\n}\n.bd-section-507855819 h3{\n\tline-height:  25.71428572px;\n\tfont-size:  18px;\n\tfont-weight:  bold;\n}\n.bd-section-507855819 h2{\n\tline-height:  51.42857144px;\n\tcolor:  #000000;\n\tfont-size:  36px;\n}\n<\/style>\t\t<section id=section4 class=\" bd-section-507855819 bd-page-width  bd-tagstyles\" data-section-title=\"Two Columns Image Left\">\n\t\t\t<div class=\"bd-container-inner bd-margins clearfix\">\n\t\t\t\t<!--{content}-->\n\t\t\t\t\t<!--[fluid_1]--><!--{content}-->    <!--[columns]-->\n        <style>\n.bd-layoutcontainer-1934588922{height:50vw;background-color:#f5f5f5;}\n@media (max-width: 991px) {.bd-layoutcontainer-1934588922{height:auto;}}<\/style><style>\n.bd-layoutcontainer-1934588922 > .bd-container-inner > .container-fluid > .row{height:100%;margin:0px;}\n.bd-layoutcontainer-1934588922 > .bd-container-inner > .container-fluid > .row > div{padding:0px;}\n.bd-layoutcontainer-1934588922  > .bd-container-inner > .container-fluid:after{display:none;}<\/style><style>\n.bd-layoutcontainer-1934588922 > .bd-container-inner > .container-fluid, .bd-layoutcontainer-1934588922 > .bd-container-inner > .container-fluid > .row{height:100%;}<\/style><style>.bd-layoutcontainer-1934588922 > .bd-container-inner > .container-fluid {padding-left: 0; padding-right: 0;}<\/style>        <style>\n.bd-layoutcolumn-2096166801{position:relative;margin-bottom:0px;background-color:#ffffff;}\n\n.bd-layoutcolumn-880684798{margin-bottom:0px;margin-top:0px;background-color:#ffffff;padding:10%;}<\/style>        <div class=\" bd-layoutcontainer-1934588922 bd-page-width  bd-columns bd-no-margins\">\n            <div class=\"bd-container-inner\">\n                <div class=\"container-fluid\">\n                    <div class=\"row bd-row-flex bd-row-align-middle\">\n                        <!--{content}-->\n                                <!--[column]-->\n        <div class=\"col-md-6 bd-columnwrapper-2096166801\">\n            <div class=\"bd-column  bd-layoutcolumn-2096166801 \">\n                <div class=\"bd-vertical-align-wrapper\">\n                    <!--{content}-->\n                            <!--[image_scaling]-->\n        <style>\n.bd-imagescaling-1496387678.bd-imagescaling-img, .bd-imagescaling-1496387678 .bd-imagescaling-img{background-position:center center;background-repeat:no-repeat;}<\/style>        <!--{content}-->\n            <!--[image]--><style>\n.additional-class-1787489499{position:absolute;top:8.159%;left:10.324%;right:auto;bottom:auto;width:576px;height:578px;}\n@media (max-width: 991px) {.additional-class-1787489499{position:relative;}}<\/style><style>\n            .additional-class-1787489499 > img, img.additional-class-1787489499 {\n                max-width: 100%;\n            }\n        <\/style><img src=\"http:\/\/yogaplume.fr\/wp-content\/uploads\/2016\/05\/ab9d697ea15782fe613de199e68cd40b_pagecouverture1.jpg\" class=\" additional-class-1787489499 img-responsive bd-own-margins bd-imagescaling  bd-imagescaling-1496387678 \"><!--{content}--><!--{\/content}--><!--[\/image]-->        <!--{\/content}-->\n    <!--[\/image_scaling]-->\n                    <!--{\/content}-->\n                <\/div>\n            <\/div>\n        <\/div>\n    <!--[\/column]-->\n\n\t\n\t\t    <!--[column]-->\n        <div class=\"col-md-6 bd-columnwrapper-880684798\">\n            <div class=\"bd-column  bd-layoutcolumn-880684798 \">\n                <div class=\"bd-vertical-align-wrapper\">\n                    <!--{content}-->\n                            <!--[text]-->\n        <style>\n.additional-class-1799585836{margin-bottom:55px;margin-top:0px;}<\/style>        <h2 class=\" additional-class-1799585836  bd-content-element\">\n            <!--{content}-->\n                Etre, Accueillir et toujours Rena\u00eetre !            <!--{\/content}-->\n        <\/h2>\n    <!--[\/text]-->\n\n\t\n\t\t    <!--[text]-->\n        <style>\n.additional-class-894502952{margin-top:55px;margin-bottom:0px;height:139px;}<\/style>        <p class=\" additional-class-894502952  bd-content-element\">\n            <!--{content}-->\n                L\u2019\u00e9criture&nbsp;! \u00ab&nbsp;Je suis tomb\u00e9e dedans&nbsp;\u00bb depuis l\u2019\u00e2ge de 12 ans avec des journaux intimes, correspondances \u00e9pistolaires, textes divers\u2026 J\u2019anime des ateliers d\u2019\u00e9criture depuis 2004, \u00e9dit\u00e9 plusieurs livres et cr\u00e9e l\u2019association Vivre et l\u2019Ecrire en Yvelines en 2009.&nbsp;            <!--{\/content}-->\n        <\/p>\n    <!--[\/text]-->\n                    <!--{\/content}-->\n                <\/div>\n            <\/div>\n        <\/div>\n    <!--[\/column]-->\n                        <!--{\/content}-->\n                    <\/div>\n                <\/div>\n            <\/div>\n        <\/div>\n    <!--[\/columns]-->\n<!--{\/content}--><!--[\/fluid_1]-->\t\t\t\t<!--{\/content}-->\n\t\t\t<\/div>\n\t\t<\/section>\n\t<!--[\/section]-->\n<!--{\/content}--><!--[\/fluid]-->\n<!--[fluid]--><!--{content}-->    <!--[section]-->\n\t\t\t\t<section id=section4 class=\" bd-section-1117018008 bd-page-width  bd-tagstyles\" data-section-title=\"Six Columns Images photos airlanes\">\n\t\t\t<div class=\"bd-container-inner bd-margins clearfix\">\n\t\t\t\t<!--{content}-->\n\t\t\t\t\t<!--[fluid_1]--><!--{content}-->    <!--[columns]-->\n        <style>\n.bd-layoutcontainer-1228004220 > .bd-container-inner > .container-fluid > .row{height:100%;margin:0px;}\n.bd-layoutcontainer-1228004220 > .bd-container-inner > .container-fluid > .row > div{padding:0px;}\n.bd-layoutcontainer-1228004220  > .bd-container-inner > .container-fluid:after{display:none;}<\/style><style>\n.bd-layoutcontainer-1228004220 > .bd-container-inner > .container-fluid, .bd-layoutcontainer-1228004220 > .bd-container-inner > .container-fluid > .row{height:100%;}<\/style><style>.bd-layoutcontainer-1228004220 > .bd-container-inner > .container-fluid {padding-left: 0; padding-right: 0;}<\/style>        <style>\n.bd-layoutcolumn-1381662892{position:relative;}\n\n.bd-layoutcolumn-149090063{position:relative;}\n\n.bd-layoutcolumn-1707861969{position:relative;margin-bottom:0px;}\n\n.bd-layoutcolumn-899194464{background-image:url(http:\/\/yogaplume.fr\/wp-content\/uploads\/2016\/05\/1bd0ced208360c7b5c59871a4b499bc9_Parfumsdeplume002.jpg);background-repeat:no-repeat;background-attachment:scroll;background-position:center center;background-size:cover;min-height:300px;margin-top:0px;}<\/style>        <div class=\" bd-layoutcontainer-1228004220 bd-page-width  bd-columns bd-no-margins\">\n            <div class=\"bd-container-inner\">\n                <div class=\"container-fluid\">\n                    <div class=\"row bd-row-flex bd-row-align-middle\">\n                        <!--{content}-->\n                            <!--[background_width]--><!--{content}-->    <!--[column]-->\n        <div class=\"col-lg-3 col-md-3 col-sm-6 bd-columnwrapper-1381662892\">\n            <div class=\"bd-column  bd-layoutcolumn-1381662892 bd-background-width \">\n                <div class=\"bd-vertical-align-wrapper\">\n                    <!--{content}-->\n                        <!--[image]--><style>\n            .additional-class-430295178 > img, img.additional-class-430295178 {\n                max-width: 100%;\n            }\n        <\/style><img src=\"http:\/\/yogaplume.fr\/wp-content\/uploads\/2016\/05\/ef8d33399a228ea5410b7a0affa3206c_couv_variations_72dpi.jpg\" class=\" additional-class-430295178    img-responsive bd-own-margins\"><!--{content}--><!--{\/content}--><!--[\/image]-->                    <!--{\/content}-->\n                <\/div>\n            <\/div>\n        <\/div>\n    <!--[\/column]-->\n<!--{\/content}--><!--[\/background_width]-->\n\t\n\t\t<!--[background_width]--><!--{content}-->    <!--[column]-->\n        <div class=\"col-lg-3 col-md-3 col-sm-12 bd-columnwrapper-149090063\">\n            <div class=\"bd-column  bd-layoutcolumn-149090063 bd-background-width \">\n                <div class=\"bd-vertical-align-wrapper\">\n                    <!--{content}-->\n                        <!--[image]--><style>\n.additional-class-492058880{width:246px;height:445px;}<\/style><style>\n            .additional-class-492058880 > img, img.additional-class-492058880 {\n                max-width: 100%;\n            }\n        <\/style><img src=\"http:\/\/yogaplume.fr\/wp-content\/uploads\/2016\/05\/4af8fb3476a2edbaf2502160bde6d543_histoire_correspondance_couv_72dpi.jpeg\" class=\" additional-class-492058880    img-responsive bd-own-margins\"><!--{content}--><!--{\/content}--><!--[\/image]-->                    <!--{\/content}-->\n                <\/div>\n            <\/div>\n        <\/div>\n    <!--[\/column]-->\n<!--{\/content}--><!--[\/background_width]-->\n\t\n\t\t<!--[background_width]--><!--{content}-->    <!--[column]-->\n        <div class=\"col-lg-3 col-md-3 col-sm-4 bd-columnwrapper-1707861969\">\n            <div class=\"bd-column  bd-layoutcolumn-1707861969 bd-background-width \">\n                <div class=\"bd-vertical-align-wrapper\">\n                    <!--{content}-->\n                        <!--[image]--><style>\n.additional-class-1957616504{width:371px;}<\/style><style>\n            .additional-class-1957616504 > img, img.additional-class-1957616504 {\n                max-width: 100%;\n            }\n        <\/style><img src=\"http:\/\/yogaplume.fr\/wp-content\/uploads\/2016\/05\/65ddee586a7e7499077c3f163d3cea4b_tout_en_nuances_couv_72dpi.jpeg\" class=\" additional-class-1957616504    img-responsive bd-own-margins\"><!--{content}--><!--{\/content}--><!--[\/image]-->                    <!--{\/content}-->\n                <\/div>\n            <\/div>\n        <\/div>\n    <!--[\/column]-->\n<!--{\/content}--><!--[\/background_width]-->\n\t\n\t\t    <!--[column]-->\n        <div class=\"col-lg-3 col-md-3 col-sm-6 bd-columnwrapper-899194464\">\n            <div class=\"bd-column  bd-layoutcolumn-899194464 \">\n                <div class=\"bd-vertical-align-wrapper\">\n                    <!--{content}-->\n                                            <!--{\/content}-->\n                <\/div>\n            <\/div>\n        <\/div>\n    <!--[\/column]-->\n                        <!--{\/content}-->\n                    <\/div>\n                <\/div>\n            <\/div>\n        <\/div>\n    <!--[\/columns]-->\n<!--{\/content}--><!--[\/fluid_1]-->\t\t\t\t<!--{\/content}-->\n\t\t\t<\/div>\n\t\t<\/section>\n\t<!--[\/section]-->\n<!--{\/content}--><!--[\/fluid]-->\n<!--[fluid]--><!--{content}-->    <!--[section]-->\n\t\t<style>\n.bd-section-1002106309{background-color:#f5f5f5;}\n.bd-section-1002106309{\n\tline-height:  30.6px;\n\tcolor:  #333333;\n\tfont-size:  18px;\n\ttext-align:  left;\n}\n.bd-section-1002106309 h2{\n\tline-height:  28.57142858px;\n\tfont-size:  20px;\n\ttext-transform:  uppercase;\n\tcolor:  #777777;\n}\n.bd-section-1002106309 h1{\n\tline-height:  36px;\n\tfont-size:  36px;\n\tfont-weight:  300;\n\tletter-spacing:  -2px;\n\ttext-align:  justify;\n}\n\n@media (max-width: 1199px) {.bd-section-1002106309 h1{\n\tline-height:  48px;\n\tfont-size:  48px;\n}\n}<\/style>\t\t<section id=section4 class=\" bd-section-1002106309 bd-page-width  bd-tagstyles\" data-section-title=\"Two Columns Image Right\">\n\t\t\t<div class=\"bd-container-inner bd-margins clearfix\">\n\t\t\t\t<!--{content}-->\n\t\t\t\t\t<!--[fluid_1]--><!--{content}-->    <!--[columns]-->\n        <style>\n.bd-layoutcontainer-1881533648{height:50vw;}\n@media (max-width: 991px) {.bd-layoutcontainer-1881533648{height:auto;}}<\/style><style>\n.bd-layoutcontainer-1881533648 > .bd-container-inner > .container-fluid > .row{height:100%;margin:0px;}\n.bd-layoutcontainer-1881533648 > .bd-container-inner > .container-fluid > .row > div{padding:0px;}\n.bd-layoutcontainer-1881533648  > .bd-container-inner > .container-fluid:after{display:none;}<\/style><style>\n.bd-layoutcontainer-1881533648 > .bd-container-inner > .container-fluid, .bd-layoutcontainer-1881533648 > .bd-container-inner > .container-fluid > .row{height:100%;}<\/style><style>.bd-layoutcontainer-1881533648 > .bd-container-inner > .container-fluid {padding-left: 0; padding-right: 0;}<\/style>        <style>\n.bd-layoutcolumn-2089679735{position:relative;}<\/style>        <div class=\" bd-layoutcontainer-1881533648 bd-page-width  bd-columns bd-no-margins\">\n            <div class=\"bd-container-inner\">\n                <div class=\"container-fluid\">\n                    <div class=\"row bd-row-flex bd-row-align-middle\">\n                        <!--{content}-->\n                                <!--[column]-->\n        <div class=\"col-sm-12 bd-columnwrapper-2089679735\">\n            <div class=\"bd-column  bd-layoutcolumn-2089679735 \">\n                <div class=\"bd-vertical-align-wrapper\">\n                    <!--{content}-->\n                            <!--[text]-->\n                <h1 class=\" additional-class-153857924  bd-content-element\">\n            <!--{content}-->\n                CREATION ARTISTIQUE            <!--{\/content}-->\n        <\/h1>\n    <!--[\/text]-->\n\n\t\n\t\t    <!--[text]-->\n                <p class=\" additional-class-1612496191  bd-content-element\">\n            <!--{content}-->\n                A travers diff\u00e9rentes techniques (peinture, collage, modelage, calligraphie h\u00e9bra\u00efque) j\u2019accueille ce qui vient, je laisse jaillir les mots, les \u00e9motions, les couleurs, les sensations de mon pinceau ou de ma plume\u2026. Parfois des mots viennent s\u2019associer aux couleurs, parfois c\u2019est l\u2019inverse. En intention, par intuition ou inspiration \u00ab Oser, poser, composer \u00bb trois mots qui signent toute ma d\u00e9marche d\u2019artiste auteure.            <!--{\/content}-->\n        <\/p>\n    <!--[\/text]-->\n\n\t\n\t\t    <!--[image_scaling]-->\n        <style>\n.bd-imagescaling-1692193445.bd-imagescaling-img, .bd-imagescaling-1692193445 .bd-imagescaling-img{background-position:center center;background-repeat:no-repeat;background-size:cover;}<\/style>        <!--{content}-->\n            <!--[image]--><style>\n            .additional-class-211514196 > img, img.additional-class-211514196 {\n                max-width: 100%;\n            }\n        <\/style><img src=\"https:\/\/yogaplume.fr\/wp-content\/uploads\/2018\/08\/18395d1f36bc7bc8397ef8513655d578_20180604_1804441.jpg\" class=\" additional-class-211514196 img-responsive bd-own-margins bd-imagescaling  bd-imagescaling-1692193445 \"><!--{content}--><!--{\/content}--><!--[\/image]-->        <!--{\/content}-->\n    <!--[\/image_scaling]-->\n\n\t\n\t\t    <!--[image_scaling]-->\n        <style>\n.bd-imagescaling-1788048054.bd-imagescaling-img, .bd-imagescaling-1788048054 .bd-imagescaling-img{background-position:center center;background-repeat:no-repeat;background-size:cover;}<\/style>        <!--{content}-->\n            <!--[image]--><style>\n.additional-class-1197005783{width:538px;height:302px;display:block;}<\/style><style>\n            .additional-class-1197005783 > img, img.additional-class-1197005783 {\n                max-width: 100%;\n            }\n        <\/style><img src=\"https:\/\/yogaplume.fr\/wp-content\/uploads\/2018\/08\/3c23bbb6d18b3ae9e38fe4f5bca96394_Lesouffle.jpg\" class=\" additional-class-1197005783 img-responsive bd-own-margins bd-imagescaling  bd-imagescaling-1788048054 \"><!--{content}--><!--{\/content}--><!--[\/image]-->        <!--{\/content}-->\n    <!--[\/image_scaling]-->\n                    <!--{\/content}-->\n                <\/div>\n            <\/div>\n        <\/div>\n    <!--[\/column]-->\n                        <!--{\/content}-->\n                    <\/div>\n                <\/div>\n            <\/div>\n        <\/div>\n    <!--[\/columns]-->\n<!--{\/content}--><!--[\/fluid_1]-->\t\t\t\t<!--{\/content}-->\n\t\t\t<\/div>\n\t\t<\/section>\n\t<!--[\/section]-->\n<!--{\/content}--><!--[\/fluid]-->\n","protected":false},"excerpt":{"rendered":"","protected":false},"author":1,"featured_media":0,"parent":0,"menu_order":0,"comment_status":"closed","ping_status":"closed","template":"","meta":[],"_links":{"self":[{"href":"https:\/\/yogaplume.fr\/index.php\/wp-json\/wp\/v2\/pages\/2315"}],"collection":[{"href":"https:\/\/yogaplume.fr\/index.php\/wp-json\/wp\/v2\/pages"}],"about":[{"href":"https:\/\/yogaplume.fr\/index.php\/wp-json\/wp\/v2\/types\/page"}],"author":[{"embeddable":true,"href":"https:\/\/yogaplume.fr\/index.php\/wp-json\/wp\/v2\/users\/1"}],"replies":[{"embeddable":true,"href":"https:\/\/yogaplume.fr\/index.php\/wp-json\/wp\/v2\/comments?post=2315"}],"version-history":[{"count":25,"href":"https:\/\/yogaplume.fr\/index.php\/wp-json\/wp\/v2\/pages\/2315\/revisions"}],"predecessor-version":[{"id":2996,"href":"https:\/\/yogaplume.fr\/index.php\/wp-json\/wp\/v2\/pages\/2315\/revisions\/2996"}],"wp:attachment":[{"href":"https:\/\/yogaplume.fr\/index.php\/wp-json\/wp\/v2\/media?parent=2315"}],"curies":[{"name":"wp","href":"https:\/\/api.w.org\/{rel}","templated":true}]}}