{"id":2147,"date":"2016-04-28T19:10:57","date_gmt":"2016-04-28T18:10:57","guid":{"rendered":"http:\/\/yogaplume.fr\/?page_id=2147"},"modified":"2016-05-19T17:00:11","modified_gmt":"2016-05-19T16:00:11","slug":"objectifs","status":"publish","type":"page","link":"https:\/\/yogaplume.fr\/index.php\/objectifs\/","title":{"rendered":"LES OBJECTIFS"},"content":{"rendered":"<!--[fluid_10000]--><!--{content}-->    <!--[section]-->\n\t\t<style>\n.bd-section-1635422882{background-attachment:scroll;background-repeat:repeat;background-image:url(http:\/\/yogaplume.fr\/wp-content\/uploads\/2016\/04\/431ed557355a48692b3d66d05276fc6c_Untitled2.jpg);background-size:cover;background-position:left bottom;height:1080px;padding:6em 1em;}\n@media (max-width: 767px) {.bd-section-1635422882{padding-top:0em;padding-bottom:8em;}}\n.bd-section-1635422882{\n\tline-height:  40px;\n\tfont-size:  20px;\n\tcolor:  #000000;\n\ttext-align:  left;\n}\n.bd-section-1635422882 p{\n\tmargin-left:  20px;\n}\n.bd-section-1635422882 h2{\n\ttext-transform:  none;\n\tfont-weight:  100;\n}\n.bd-section-1635422882 h1{\n\tline-height:  36px;\n\ttext-transform:  uppercase;\n\tfont-weight:  600;\n\tfont-size:  30px;\n\tcolor:  #00abc3;\n\tletter-spacing:  0;\n}\n<\/style>\t\t<section id=section4 class=\" bd-section-1635422882 bd-page-width  bd-tagstyles\" data-section-title=\"row with background image\">\n\t\t\t<div class=\"bd-container-inner bd-margins clearfix\">\n\t\t\t\t<!--{content}-->\n\t\t\t\t\t<!--[fluid_10001]--><!--{content}--><!--[layoutbox]--><style>\n.additional-class-632393559{width:60%;position:absolute;left:50%;top:50%;transform:translateX(-50%) translateY(-50%);}\n@media (max-width: 1199px) {.additional-class-632393559{width:75%;}}\n@media (max-width: 991px) {.additional-class-632393559{width:95%;}}\n@media (max-width: 767px) {.additional-class-632393559{width:100%;}}<\/style><div class=\"clearfix  additional-class-632393559 bd-page-width  bd-no-margins\"><div class=\"bd-container-inner\"><!--{content}-->    <!--[text]-->\n        <style>\n.additional-class-1296346792{margin-bottom:29px;margin-top:0px;height:43px;}\nh1.additional-class-1296346792{\n\tfont-weight:  normal;\n}\n<\/style>        <h1 class=\" additional-class-1296346792  bd-content-element\">\n            <!--{content}-->\n                LES OBJECTIFS ESSENTIELS&nbsp;:&nbsp;            <!--{\/content}-->\n        <\/h1>\n    <!--[\/text]-->\n\n\t\n\t\t    <!--[text]-->\n        <style>\n.additional-class-339197335{margin-top:29px;}<\/style>        <p class=\" additional-class-339197335  bd-content-element\">\n            <!--{content}-->\n                - sortir de ses repr\u00e9sentations n\u00e9gatives souvent dues \u00e0 un h\u00e9ritage scolaire d\u00e9valorisant&nbsp;<br>- \u00e9veiller, d\u00e9couvrir et d\u00e9velopper son pouvoir d\u2019\u00e9crire<br>- imaginer, inventer, raconter des histoires&nbsp;<br>- d\u00e9passer ses blocages,&nbsp;<br>- oser s\u2019aventurer,&nbsp;se laisser surprendre&nbsp;<br>- trouver du plaisir \u00e0 s\u2019exprimer par \u00e9crit&nbsp;<br>- favoriser et stimuler la cr\u00e9ation&nbsp;<br>- prendre confiance au sein d\u2019un groupe&nbsp;<br>- laisser d\u00e9rouler le fil de ses pens\u00e9es secr\u00e8tes, ses fragments de vie\noubli\u00e9s, ses contr\u00e9es encore inexplor\u00e9es&nbsp;<br>- trouver son propre chemin gr\u00e2ce aux propositions diverses et vari\u00e9es&nbsp;<br>- acc\u00e9der \u00e0 de nouvelles exp\u00e9rimentations de soi&nbsp;<br><br>\u00ab&nbsp;L\u2019ECRITURE EST LA PEINTURE DE LA VIE&nbsp;\u00bb Voltaire            <!--{\/content}-->\n        <\/p>\n    <!--[\/text]-->\n\n\t\n\t\t<!--[button]--><style>.additional-class-183467306 {\n                    text-decoration: inherit;\n\t                display: inline-block;\n\t                speak: none;\n\t            }\n\n                .additional-class-183467306:before {\n                    font-family: 'Billion Web Font';\n\t                font-style: normal;\n\t                font-weight: normal;\n\t                text-decoration: inherit;\n\t                text-align: center;\n\t                text-transform: none;\n\t                width: 1em;\n                }.additional-class-183467306:before {width: auto; visibility: inherit;}.additional-class-183467306:before{display: inline-block;}<\/style><style>.additional-class-183467306:before {\n        vertical-align: middle;\n        text-decoration: none;\n    }<\/style><style>.additional-class-183467306:hover {\n                    text-decoration: inherit;\n\t                display: inline-block;\n\t                speak: none;\n\t            }\n\n                .additional-class-183467306:hover:before {\n                    font-family: 'Billion Web Font';\n\t                font-style: normal;\n\t                font-weight: normal;\n\t                text-decoration: inherit;\n\t                text-align: center;\n\t                text-transform: none;\n\t                width: 1em;\n                }.additional-class-183467306:hover:before {width: auto; visibility: inherit;}.additional-class-183467306:hover:before{display: inline-block;}<\/style><style>.additional-class-183467306:hover:before {\n        vertical-align: middle;\n        text-decoration: none;\n    }<\/style><a href=\"http:\/\/yogaplume.fr\/index.php\/atelier-decriture\/\" class=\"bd-button-95  additional-class-183467306  bd-own-margins bd-content-element\"><!--{content}-->\natelier d'\u00e9criture\n<!--{\/content}--><\/a><!--[\/button]-->\n\t\n\t\t<!--[button]--><style>.additional-class-1359786028 {\n                    text-decoration: inherit;\n\t                display: inline-block;\n\t                speak: none;\n\t            }\n\n                .additional-class-1359786028:before {\n                    font-family: 'Billion Web Font';\n\t                font-style: normal;\n\t                font-weight: normal;\n\t                text-decoration: inherit;\n\t                text-align: center;\n\t                text-transform: none;\n\t                width: 1em;\n                }.additional-class-1359786028:before {width: auto; visibility: inherit;}.additional-class-1359786028:before{display: inline-block;}<\/style><style>.additional-class-1359786028:before {\n        vertical-align: middle;\n        text-decoration: none;\n    }<\/style><style>.additional-class-1359786028:hover {\n                    text-decoration: inherit;\n\t                display: inline-block;\n\t                speak: none;\n\t            }\n\n                .additional-class-1359786028:hover:before {\n                    font-family: 'Billion Web Font';\n\t                font-style: normal;\n\t                font-weight: normal;\n\t                text-decoration: inherit;\n\t                text-align: center;\n\t                text-transform: none;\n\t                width: 1em;\n                }.additional-class-1359786028:hover:before {width: auto; visibility: inherit;}.additional-class-1359786028:hover:before{display: inline-block;}<\/style><style>.additional-class-1359786028:hover:before {\n        vertical-align: middle;\n        text-decoration: none;\n    }<\/style><a href=\"http:\/\/yogaplume.fr\/index.php\/lieu\/\" class=\"bd-button-98  additional-class-1359786028  bd-own-margins bd-content-element\"><!--{content}-->\nun lieu\n<!--{\/content}--><\/a><!--[\/button]-->\n\t\n\t\t<!--[button]--><style>.additional-class-121695188 {\n                    text-decoration: inherit;\n\t                display: inline-block;\n\t                speak: none;\n\t            }\n\n                .additional-class-121695188:before {\n                    font-family: 'Billion Web Font';\n\t                font-style: normal;\n\t                font-weight: normal;\n\t                text-decoration: inherit;\n\t                text-align: center;\n\t                text-transform: none;\n\t                width: 1em;\n                }.additional-class-121695188:before {width: auto; visibility: inherit;}.additional-class-121695188:before{display: inline-block;}<\/style><style>.additional-class-121695188:before {\n        vertical-align: middle;\n        text-decoration: none;\n    }<\/style><style>.additional-class-121695188:hover {\n                    text-decoration: inherit;\n\t                display: inline-block;\n\t                speak: none;\n\t            }\n\n                .additional-class-121695188:hover:before {\n                    font-family: 'Billion Web Font';\n\t                font-style: normal;\n\t                font-weight: normal;\n\t                text-decoration: inherit;\n\t                text-align: center;\n\t                text-transform: none;\n\t                width: 1em;\n                }.additional-class-121695188:hover:before {width: auto; visibility: inherit;}.additional-class-121695188:hover:before{display: inline-block;}<\/style><style>.additional-class-121695188:hover:before {\n        vertical-align: middle;\n        text-decoration: none;\n    }<\/style><a href=\"http:\/\/yogaplume.fr\/index.php\/la-demarche-therapeutique\/\" class=\"bd-button-100  additional-class-121695188  bd-own-margins bd-content-element\"><!--{content}-->\nla d\u00e9marche th\u00e9rapeutique\n<!--{\/content}--><\/a><!--[\/button]--><!--{\/content}--><\/div><\/div><!--[\/layoutbox]--><!--{\/content}--><!--[\/fluid_10001]-->\t\t\t\t<!--{\/content}-->\n\t\t\t<\/div>\n\t\t<\/section>\n\t<!--[\/section]-->\n<!--{\/content}--><!--[\/fluid_10000]-->\n","protected":false},"excerpt":{"rendered":"","protected":false},"author":1,"featured_media":0,"parent":0,"menu_order":0,"comment_status":"closed","ping_status":"closed","template":"","meta":[],"_links":{"self":[{"href":"https:\/\/yogaplume.fr\/index.php\/wp-json\/wp\/v2\/pages\/2147"}],"collection":[{"href":"https:\/\/yogaplume.fr\/index.php\/wp-json\/wp\/v2\/pages"}],"about":[{"href":"https:\/\/yogaplume.fr\/index.php\/wp-json\/wp\/v2\/types\/page"}],"author":[{"embeddable":true,"href":"https:\/\/yogaplume.fr\/index.php\/wp-json\/wp\/v2\/users\/1"}],"replies":[{"embeddable":true,"href":"https:\/\/yogaplume.fr\/index.php\/wp-json\/wp\/v2\/comments?post=2147"}],"version-history":[{"count":14,"href":"https:\/\/yogaplume.fr\/index.php\/wp-json\/wp\/v2\/pages\/2147\/revisions"}],"predecessor-version":[{"id":2548,"href":"https:\/\/yogaplume.fr\/index.php\/wp-json\/wp\/v2\/pages\/2147\/revisions\/2548"}],"wp:attachment":[{"href":"https:\/\/yogaplume.fr\/index.php\/wp-json\/wp\/v2\/media?parent=2147"}],"curies":[{"name":"wp","href":"https:\/\/api.w.org\/{rel}","templated":true}]}}